{"id":2113,"date":"2022-09-09T08:17:38","date_gmt":"2022-09-09T08:17:38","guid":{"rendered":"http:\/\/igualdadenlaempresaaragon.es\/?page_id=2113"},"modified":"2022-10-04T10:59:25","modified_gmt":"2022-10-04T08:59:25","slug":"inscripciones","status":"publish","type":"page","link":"https:\/\/igualdadenlaempresaaragon.es\/?page_id=2113","title":{"rendered":"TERCERA JORNADA: IGUALDAD EN LA EMPRESA EN ARAG\u00d3N"},"content":{"rendered":"\t\t<div data-elementor-type=\"wp-page\" data-elementor-id=\"2113\" class=\"elementor elementor-2113\" data-elementor-settings=\"{&quot;ha_cmc_init_switcher&quot;:&quot;no&quot;}\" data-elementor-post-type=\"page\">\n\t\t\t\t\t\t<section class=\"elementor-section elementor-top-section elementor-element elementor-element-5b24f53 elementor-section-full_width elementor-section-height-default elementor-section-height-default\" data-id=\"5b24f53\" data-element_type=\"section\" data-e-type=\"section\" data-settings=\"{&quot;_ha_eqh_enable&quot;:false}\">\n\t\t\t\t\t\t<div class=\"elementor-container elementor-column-gap-default\">\n\t\t\t\t\t<div class=\"elementor-column elementor-col-100 elementor-top-column elementor-element elementor-element-62e8391\" data-id=\"62e8391\" data-element_type=\"column\" data-e-type=\"column\">\n\t\t\t<div class=\"elementor-widget-wrap elementor-element-populated\">\n\t\t\t\t\t\t<div class=\"elementor-element elementor-element-6614d8b elementor-widget elementor-widget-image\" data-id=\"6614d8b\" data-element_type=\"widget\" data-e-type=\"widget\" data-widget_type=\"image.default\">\n\t\t\t\t<div class=\"elementor-widget-container\">\n\t\t\t\t\t\t\t\t\t\t\t\t\t\t\t<img fetchpriority=\"high\" decoding=\"async\" width=\"2106\" height=\"75\" src=\"https:\/\/igualdadenlaempresaaragon.es\/wp-content\/uploads\/2022\/09\/Banda_con_estatuto.jpg\" class=\"attachment-full size-full wp-image-2136\" alt=\"\" srcset=\"https:\/\/igualdadenlaempresaaragon.es\/wp-content\/uploads\/2022\/09\/Banda_con_estatuto.jpg 2106w, https:\/\/igualdadenlaempresaaragon.es\/wp-content\/uploads\/2022\/09\/Banda_con_estatuto-300x11.jpg 300w, https:\/\/igualdadenlaempresaaragon.es\/wp-content\/uploads\/2022\/09\/Banda_con_estatuto-1024x36.jpg 1024w, https:\/\/igualdadenlaempresaaragon.es\/wp-content\/uploads\/2022\/09\/Banda_con_estatuto-768x27.jpg 768w, https:\/\/igualdadenlaempresaaragon.es\/wp-content\/uploads\/2022\/09\/Banda_con_estatuto-1536x55.jpg 1536w, https:\/\/igualdadenlaempresaaragon.es\/wp-content\/uploads\/2022\/09\/Banda_con_estatuto-2048x73.jpg 2048w\" sizes=\"(max-width: 2106px) 100vw, 2106px\" \/>\t\t\t\t\t\t\t\t\t\t\t\t\t\t\t<\/div>\n\t\t\t\t<\/div>\n\t\t\t\t\t<\/div>\n\t\t<\/div>\n\t\t\t\t\t<\/div>\n\t\t<\/section>\n\t\t\t\t<section class=\"elementor-section elementor-top-section elementor-element elementor-element-6b51dc8 elementor-section-boxed elementor-section-height-default elementor-section-height-default\" data-id=\"6b51dc8\" data-element_type=\"section\" data-e-type=\"section\" data-settings=\"{&quot;_ha_eqh_enable&quot;:false}\">\n\t\t\t\t\t\t<div class=\"elementor-container elementor-column-gap-default\">\n\t\t\t\t\t<div class=\"elementor-column elementor-col-100 elementor-top-column elementor-element elementor-element-92099dc\" data-id=\"92099dc\" data-element_type=\"column\" data-e-type=\"column\">\n\t\t\t<div class=\"elementor-widget-wrap elementor-element-populated\">\n\t\t\t\t\t\t<div class=\"elementor-element elementor-element-bcda967 elementor-icon-list--layout-traditional elementor-list-item-link-full_width elementor-widget elementor-widget-icon-list\" data-id=\"bcda967\" data-element_type=\"widget\" data-e-type=\"widget\" data-widget_type=\"icon-list.default\">\n\t\t\t\t<div class=\"elementor-widget-container\">\n\t\t\t\t\t\t\t<ul class=\"elementor-icon-list-items\">\n\t\t\t\t\t\t\t<li class=\"elementor-icon-list-item\">\n\t\t\t\t\t\t\t\t\t\t\t<span class=\"elementor-icon-list-icon\">\n\t\t\t\t\t\t\t<i aria-hidden=\"true\" class=\"fas fa-calendar-alt\"><\/i>\t\t\t\t\t\t<\/span>\n\t\t\t\t\t\t\t\t\t\t<span class=\"elementor-icon-list-text\">23 de septiembre de 2022<\/span>\n\t\t\t\t\t\t\t\t\t<\/li>\n\t\t\t\t\t\t\t\t<li class=\"elementor-icon-list-item\">\n\t\t\t\t\t\t\t\t\t\t\t<span class=\"elementor-icon-list-icon\">\n\t\t\t\t\t\t\t<i aria-hidden=\"true\" class=\"fas fa-clock\"><\/i>\t\t\t\t\t\t<\/span>\n\t\t\t\t\t\t\t\t\t\t<span class=\"elementor-icon-list-text\">9:00h<\/span>\n\t\t\t\t\t\t\t\t\t<\/li>\n\t\t\t\t\t\t\t\t<li class=\"elementor-icon-list-item\">\n\t\t\t\t\t\t\t\t\t\t\t<span class=\"elementor-icon-list-icon\">\n\t\t\t\t\t\t\t<i aria-hidden=\"true\" class=\"fas fa-location-arrow\"><\/i>\t\t\t\t\t\t<\/span>\n\t\t\t\t\t\t\t\t\t\t<span class=\"elementor-icon-list-text\">Sal\u00f3n de Actos del Instituto Aragon\u00e9s de la Juventud (IAJ). C\/ Franco y L\u00f3pez n\u00ba4 - Zaragoza<\/span>\n\t\t\t\t\t\t\t\t\t<\/li>\n\t\t\t\t\t\t<\/ul>\n\t\t\t\t\t\t<\/div>\n\t\t\t\t<\/div>\n\t\t\t\t<div class=\"elementor-element elementor-element-15005fd elementor-widget-divider--view-line elementor-widget elementor-widget-divider\" data-id=\"15005fd\" data-element_type=\"widget\" data-e-type=\"widget\" data-widget_type=\"divider.default\">\n\t\t\t\t<div class=\"elementor-widget-container\">\n\t\t\t\t\t\t\t<div class=\"elementor-divider\">\n\t\t\t<span class=\"elementor-divider-separator\">\n\t\t\t\t\t\t<\/span>\n\t\t<\/div>\n\t\t\t\t\t\t<\/div>\n\t\t\t\t<\/div>\n\t\t\t\t<div class=\"elementor-element elementor-element-31baf9d elementor-widget elementor-widget-heading\" data-id=\"31baf9d\" data-element_type=\"widget\" data-e-type=\"widget\" data-widget_type=\"heading.default\">\n\t\t\t\t<div class=\"elementor-widget-container\">\n\t\t\t\t\t<h2 class=\"elementor-heading-title elementor-size-default\">PROGRAMA<\/h2>\t\t\t\t<\/div>\n\t\t\t\t<\/div>\n\t\t\t\t<div class=\"elementor-element elementor-element-718009a elementor-widget elementor-widget-text-editor\" data-id=\"718009a\" data-element_type=\"widget\" data-e-type=\"widget\" data-widget_type=\"text-editor.default\">\n\t\t\t\t<div class=\"elementor-widget-container\">\n\t\t\t\t\t\t\t\t\t<p>9:00 &#8211; Inauguraci\u00f3n.<\/p><blockquote><p><em>Marta Gast\u00f3n Menal. Consejera de Econom\u00eda, Planificaci\u00f3n y Empleo del Gobierno de Arag\u00f3n.<\/em><\/p><\/blockquote><p>9:30 &#8211; Ponencia: Igualdad y transici\u00f3n energ\u00e9tica, dos retos, dos sue\u00f1os.<\/p><blockquote><p>Paula Rom\u00e1n del R\u00edo. Directora General en FENIE ENERG\u00cdA.<\/p><\/blockquote><p>10:00 &#8211; Mesa redonda: Experiencias y casos de \u00e9xito.<\/p><blockquote><p><em>Herbert Marin. MasterD.<br \/>Marta Jorcano. ITESAL.<br \/><\/em><em>M\u00aa Rosa Villarroya. DKV Seguros.<br \/>Paloma Lapuente. Transportes Lapuente.<br \/><\/em><span style=\"text-decoration: underline;\">Modera:<\/span> M\u00aa Soledad de la Puente. Directora General de Trabajo<em>, Aut\u00f3nomos y Econom\u00eda Social del Gobierno de Arag\u00f3n<\/em>.<\/p><\/blockquote><p>10:45 &#8211; Presentaci\u00f3n de la nueva web: Igualdad en la empresa en Arag\u00f3n.<\/p><blockquote><p>Representantes de los Agentes Sociales.<\/p><\/blockquote><p>11:00 &#8211; Fin de la Jornada.<\/p>\t\t\t\t\t\t\t\t<\/div>\n\t\t\t\t<\/div>\n\t\t\t\t<div class=\"elementor-element elementor-element-9ba2587 elementor-widget-divider--view-line elementor-widget elementor-widget-divider\" data-id=\"9ba2587\" data-element_type=\"widget\" data-e-type=\"widget\" data-widget_type=\"divider.default\">\n\t\t\t\t<div class=\"elementor-widget-container\">\n\t\t\t\t\t\t\t<div class=\"elementor-divider\">\n\t\t\t<span class=\"elementor-divider-separator\">\n\t\t\t\t\t\t<\/span>\n\t\t<\/div>\n\t\t\t\t\t\t<\/div>\n\t\t\t\t<\/div>\n\t\t\t\t<div class=\"elementor-element elementor-element-6374437 elementor-widget elementor-widget-heading\" data-id=\"6374437\" data-element_type=\"widget\" data-e-type=\"widget\" data-widget_type=\"heading.default\">\n\t\t\t\t<div class=\"elementor-widget-container\">\n\t\t\t\t\t<h2 class=\"elementor-heading-title elementor-size-default\">INSCRIPCIONES<\/h2>\t\t\t\t<\/div>\n\t\t\t\t<\/div>\n\t\t\t\t\t<\/div>\n\t\t<\/div>\n\t\t\t\t\t<\/div>\n\t\t<\/section>\n\t\t\t\t<section class=\"elementor-section elementor-top-section elementor-element elementor-element-3918618 elementor-section-boxed elementor-section-height-default elementor-section-height-default\" data-id=\"3918618\" data-element_type=\"section\" data-e-type=\"section\" data-settings=\"{&quot;background_background&quot;:&quot;classic&quot;,&quot;_ha_eqh_enable&quot;:false}\">\n\t\t\t\t\t\t<div class=\"elementor-container elementor-column-gap-default\">\n\t\t\t\t\t<div class=\"elementor-column elementor-col-50 elementor-top-column elementor-element elementor-element-6cbab65\" data-id=\"6cbab65\" data-element_type=\"column\" data-e-type=\"column\">\n\t\t\t<div class=\"elementor-widget-wrap elementor-element-populated\">\n\t\t\t\t\t\t<div class=\"elementor-element elementor-element-33c1ea6 elementor-widget elementor-widget-image\" data-id=\"33c1ea6\" data-element_type=\"widget\" data-e-type=\"widget\" data-widget_type=\"image.default\">\n\t\t\t\t<div class=\"elementor-widget-container\">\n\t\t\t\t\t\t\t\t\t\t\t\t<figure class=\"wp-caption\">\n\t\t\t\t\t\t\t\t\t\t<img decoding=\"async\" width=\"542\" height=\"578\" src=\"https:\/\/igualdadenlaempresaaragon.es\/wp-content\/uploads\/2022\/10\/IMG_FORMULARIOINSCRIPCION.jpg\" class=\"elementor-animation-buzz attachment-large size-large wp-image-2294\" alt=\"\" srcset=\"https:\/\/igualdadenlaempresaaragon.es\/wp-content\/uploads\/2022\/10\/IMG_FORMULARIOINSCRIPCION.jpg 542w, https:\/\/igualdadenlaempresaaragon.es\/wp-content\/uploads\/2022\/10\/IMG_FORMULARIOINSCRIPCION-281x300.jpg 281w\" sizes=\"(max-width: 542px) 100vw, 542px\" \/>\t\t\t\t\t\t\t\t\t\t\t<figcaption class=\"widget-image-caption wp-caption-text\">JORNADA CONCLUIDA. FORMULARIO DESACTIVADO<\/figcaption>\n\t\t\t\t\t\t\t\t\t\t<\/figure>\n\t\t\t\t\t\t\t\t\t<\/div>\n\t\t\t\t<\/div>\n\t\t\t\t\t<\/div>\n\t\t<\/div>\n\t\t\t\t<div class=\"elementor-column elementor-col-50 elementor-top-column elementor-element elementor-element-1b625c9\" data-id=\"1b625c9\" data-element_type=\"column\" data-e-type=\"column\">\n\t\t\t<div class=\"elementor-widget-wrap elementor-element-populated\">\n\t\t\t\t\t\t<div class=\"elementor-element elementor-element-eca2a32 elementor-widget elementor-widget-text-editor\" data-id=\"eca2a32\" data-element_type=\"widget\" data-e-type=\"widget\" data-widget_type=\"text-editor.default\">\n\t\t\t\t<div class=\"elementor-widget-container\">\n\t\t\t\t\t\t\t\t\t<h2><span style=\"color: #ffffff;\"><strong>Responsables del tratamiento de los datos:<\/strong><\/span><\/h2><blockquote><p>CCOO Arag\u00f3n &#8211; CIF G 50139278<br \/>CEOE Arag\u00f3n &#8211; CIF: G50115989<br \/>CEPYME Arag\u00f3n &#8211; CIF: G50336585<br \/>Direcci\u00f3n General de Trabajo, Aut\u00f3nomos y Econom\u00eda Social &#8211; CIF: S5011001D<br \/>UGT Arag\u00f3n &#8211; CIF: G-50568674<\/p><\/blockquote><p>Las entidades referenciadas tratamos la informaci\u00f3n que nos facilita con el fin de prestarles el servicio solicitado e informarles sobre el mismo.<\/p><p>Los datos proporcionados se conservar\u00e1n mientras se mantenga la relaci\u00f3n de servicio o comercial, o durante los a\u00f1os necesarios para cumplir con las obligaciones legales.<\/p><p>Los datos no se ceder\u00e1n a terceros salvo en los casos en que exista una obligaci\u00f3n legal.<\/p><p>Usted tiene derecho a obtener confirmaci\u00f3n sobre si en las entidades responsables estamos tratando sus datos personales, por tanto tiene derecho a acceder a sus datos personales, rectificar los datos inexactos o solicitar su supresi\u00f3n cuando los datos ya no sean necesarios.<\/p><p><a href=\"https:\/\/igualdadenlaempresaaragon.es\/?page_id=2030\" target=\"_blank\" rel=\"noopener\">M\u00e1s Informaci\u00f3n.<\/a><\/p>\t\t\t\t\t\t\t\t<\/div>\n\t\t\t\t<\/div>\n\t\t\t\t\t<\/div>\n\t\t<\/div>\n\t\t\t\t\t<\/div>\n\t\t<\/section>\n\t\t\t\t<section class=\"elementor-section elementor-top-section elementor-element elementor-element-843881b elementor-section-full_width elementor-section-height-default elementor-section-height-default\" data-id=\"843881b\" data-element_type=\"section\" data-e-type=\"section\" data-settings=\"{&quot;_ha_eqh_enable&quot;:false}\">\n\t\t\t\t\t\t<div class=\"elementor-container elementor-column-gap-default\">\n\t\t\t\t\t<div class=\"elementor-column elementor-col-100 elementor-top-column elementor-element elementor-element-dbd24d8\" data-id=\"dbd24d8\" data-element_type=\"column\" data-e-type=\"column\">\n\t\t\t<div class=\"elementor-widget-wrap elementor-element-populated\">\n\t\t\t\t\t\t<div class=\"elementor-element elementor-element-be7f5fc elementor-widget elementor-widget-image\" data-id=\"be7f5fc\" data-element_type=\"widget\" data-e-type=\"widget\" data-widget_type=\"image.default\">\n\t\t\t\t<div class=\"elementor-widget-container\">\n\t\t\t\t\t\t\t\t\t\t\t\t\t\t\t<img fetchpriority=\"high\" decoding=\"async\" width=\"2106\" height=\"75\" src=\"https:\/\/igualdadenlaempresaaragon.es\/wp-content\/uploads\/2022\/09\/Banda_con_estatuto.jpg\" class=\"attachment-full size-full wp-image-2136\" alt=\"\" srcset=\"https:\/\/igualdadenlaempresaaragon.es\/wp-content\/uploads\/2022\/09\/Banda_con_estatuto.jpg 2106w, https:\/\/igualdadenlaempresaaragon.es\/wp-content\/uploads\/2022\/09\/Banda_con_estatuto-300x11.jpg 300w, https:\/\/igualdadenlaempresaaragon.es\/wp-content\/uploads\/2022\/09\/Banda_con_estatuto-1024x36.jpg 1024w, https:\/\/igualdadenlaempresaaragon.es\/wp-content\/uploads\/2022\/09\/Banda_con_estatuto-768x27.jpg 768w, https:\/\/igualdadenlaempresaaragon.es\/wp-content\/uploads\/2022\/09\/Banda_con_estatuto-1536x55.jpg 1536w, https:\/\/igualdadenlaempresaaragon.es\/wp-content\/uploads\/2022\/09\/Banda_con_estatuto-2048x73.jpg 2048w\" sizes=\"(max-width: 2106px) 100vw, 2106px\" \/>\t\t\t\t\t\t\t\t\t\t\t\t\t\t\t<\/div>\n\t\t\t\t<\/div>\n\t\t\t\t\t<\/div>\n\t\t<\/div>\n\t\t\t\t\t<\/div>\n\t\t<\/section>\n\t\t\t\t<\/div>\n\t\t","protected":false},"excerpt":{"rendered":"<p>23 de septiembre de 2022 9:00h Sal\u00f3n de Actos del Instituto Aragon\u00e9s de la Juventud (IAJ). C\/ Franco y L\u00f3pez n\u00ba4 &#8211; Zaragoza PROGRAMA 9:00 &#8211; Inauguraci\u00f3n. Marta Gast\u00f3n Menal. Consejera de Econom\u00eda, Planificaci\u00f3n y Empleo del Gobierno de Arag\u00f3n. 9:30 &#8211; Ponencia: Igualdad y transici\u00f3n energ\u00e9tica, dos retos, dos sue\u00f1os. Paula Rom\u00e1n del R\u00edo. [&hellip;]<\/p>\n","protected":false},"author":1,"featured_media":0,"parent":0,"menu_order":0,"comment_status":"closed","ping_status":"closed","template":"","meta":{"footnotes":""},"class_list":["post-2113","page","type-page","status-publish","hentry"],"jetpack_sharing_enabled":true,"post_mailing_queue_ids":[],"_links":{"self":[{"href":"https:\/\/igualdadenlaempresaaragon.es\/index.php?rest_route=\/wp\/v2\/pages\/2113","targetHints":{"allow":["GET"]}}],"collection":[{"href":"https:\/\/igualdadenlaempresaaragon.es\/index.php?rest_route=\/wp\/v2\/pages"}],"about":[{"href":"https:\/\/igualdadenlaempresaaragon.es\/index.php?rest_route=\/wp\/v2\/types\/page"}],"author":[{"embeddable":true,"href":"https:\/\/igualdadenlaempresaaragon.es\/index.php?rest_route=\/wp\/v2\/users\/1"}],"replies":[{"embeddable":true,"href":"https:\/\/igualdadenlaempresaaragon.es\/index.php?rest_route=%2Fwp%2Fv2%2Fcomments&post=2113"}],"version-history":[{"count":106,"href":"https:\/\/igualdadenlaempresaaragon.es\/index.php?rest_route=\/wp\/v2\/pages\/2113\/revisions"}],"predecessor-version":[{"id":2300,"href":"https:\/\/igualdadenlaempresaaragon.es\/index.php?rest_route=\/wp\/v2\/pages\/2113\/revisions\/2300"}],"wp:attachment":[{"href":"https:\/\/igualdadenlaempresaaragon.es\/index.php?rest_route=%2Fwp%2Fv2%2Fmedia&parent=2113"}],"curies":[{"name":"wp","href":"https:\/\/api.w.org\/{rel}","templated":true}]}}